 the prime factors of h.
2, 7
Let l = 714 + 13675. List the prime factors of l.
14389
List the prime factors of -7*(-23)/(-7) - -1453.
2, 5, 11, 13
Let v = 26013 + -14718. What are the prime factors of v?
3, 5, 251
List the prime factors of (7 - 4)/((-84)/(-204008)).
2, 3643
Let x(c) = 7*c - 2. Suppose 12*i - 5*i = 14. Let s be x(i). What are the prime factors of s/(-8)*(40/(-3))/4?
5
Let z(s) = s**3 - 4*s**2 + s - 6. Let t(v) = -v**2 - 3*v + 9. Let x be t(-4). Let h be z(x). Let y = 51 - h. List the prime factors of y.
3
Let v(s) = 378*s - 426. What are the prime factors of v(13)?
2, 3, 11, 17
Suppose 13*c - 4546 = -4026. Let k be (3/(-2))/((-1)/(-18)). Let v = c + k. What are the prime factors of v?
13
What are the prime factors of -10*(24/4 + -727)?
2, 5, 7, 103
What are the prime factors of (-10)/((-1 + (-1)/(-2))/(232 - 59))?
2, 5, 173
Let a = 133 - -5273. List the prime factors of a.
2, 3, 17, 53
Let q(z) = -4*z**2 - 123*z + 34. Let a be q(-31). Suppose 8*f + 2*x = 7*f + 718, -2817 = -4*f + a*x. What are the prime factors of f?
2, 3, 59
Let g(m) be the first derivative of -m**3/3 - 2*m**2 - 4. Let o be g(-5). What are the prime factors of 117 - (68/(-85))/(2/o)?
5, 23
Suppose -599*f + 118*f = -3857442 - 25414775. List the prime factors of f.
19, 3203
Suppose -28 = -0*c + c. Let y = c - -75. Suppose -y = -2*h - 15. List the prime factors of h.
2
Let m(t) = -3*t**3 + 4*t**2 + 4. Let a be m(4). Let k = 602 + a. Suppose 3*h - k - 152 = 0. List the prime factors of h.
2, 3, 5, 7
Let x(w) = 33*w + 11*w**2 - 90*w + w**3 + 50*w + 3. What are the prime factors of x(-10)?
173
List the prime factors of 2/(-4) + (-1)/((-48)/384024).
2, 5
Let y(t) = -t**3 + 109*t**2 + 47*t - 2195. What are the prime factors of y(106)?
3, 5, 811
List the prime factors of (-3 - 24174/24)/(((-51)/16)/17).
2, 3, 449
Suppose -d - 2*u - 3*u + 5435 = 0, -d + 5453 = -u. Suppose -5*v + d = -5*h, -4*v - 30 = -h - 4378. What are the prime factors of (-2)/(-4)*9/(27/v)?
181
Suppose 939 = 2*f + f. Suppose 2*c - c + 72 = -b, c - f = 4*b. Let l = b - -146. List the prime factors of l.
3, 23
Let m be (20/12)/(1/(-3)). List the prime factors of (-2)/((10/697)/m).
17, 41
List the prime factors of 5844 + -5*(-16)/(-20).
2, 5, 73
Let v = -181 - -125. Let m = 61 + v. Suppose 3*w - 479 = m*r, 2*r = -0*r + 4. List the prime factors of w.
163
What are the prime factors of (2/14)/(4/14*1)*4918?
2459
Suppose o = -2*q + 5, -18 = -2*q + 3*o + 7. Suppose -243 = -k - q*i + 3*i, 4*k + i - 937 = 0. What are the prime factors of k?
233
Let k(g) = -2*g**3 - 15*g**2 - 17. Let x be k(-13). Let l = x + -946. Suppose 5*a - l = -186. What are the prime factors of a?
2, 71
What are the prime factors of 14/((-420)/(-806058)) - 4/(-10)?
97, 277
Let z = -12724 - -27369. List the prime factors of z.
5, 29, 101
Let k(p) = -p**3 - 16*p**2 - 30*p - 20. Let x be k(-16). Let r = -236 + x. What are the prime factors of r?
2, 7
Let m be (-30)/50*5/(-1). Suppose -1552 = -3*o + m*h + h, -1037 = -2*o + 5*h. What are the prime factors of o?
2, 3, 43
Let r = 310 - 417. List the prime factors of (r/(-4))/((-10)/(-200)) + 4.
7, 11
Let q be -665 - -2 - (5 - 4) - 5. What are the prime factors of (-8 - (-28)/3)/((-4)/q)?
223
Let s = -21914 - -31205. List the prime factors of s.
3, 19, 163
Let r(h) = h**3 - 6*h**2 + 37*h - 162. Suppose -442 + 13 = -39*z. What are the prime factors of r(z)?
2, 5, 17
Let d be -5888 - (0 + -3 + -1). Let g = -34 + 139. List the prime factors of (-14)/g + d/(-30).
2, 7
List the prime factors of 10*(-1)/((-45)/1872).
2, 13
Let p(o) = o**2 + 3*o - 10. Let l be p(3). Let a be 1/(52/10860) - l/(-52). What are the prime factors of (-1 - 1/2) + a/2?
103
Let g(b) = b**2 - 8. Let x(p) = 3*p - 18. Let c be x(6). Suppose -4*t + 0 + 5 = -o, t = c. What are the prime factors of g(o)?
17
Let p(q) = q**2 + 6*q - 23. Suppose r - 22 = -9. List the prime factors of p(r).
2, 7
Let b = -1149 + 1462. Let q(g) = g**2 - 4*g - 2. Let f be q(5). Suppose 358 = 2*k - 4*n, f*n - 179 = -3*k + b. List the prime factors of k.
13
Suppose -31916 = 14*t - 81574. List the prime factors of t.
3547
Let v(x) = -x**2 - 8*x - 11. Let i be v(-5). Suppose -2*n + 6*z - 11*z + 1546 = 0, 2*n = i*z + 1510. List the prime factors of n.
7, 109
Suppose k - 3*l - 18 = 0, 0*k + 13 = -4*k - 5*l. Suppose -3*f - 2*f - 835 = -k*n, 5*f = 4*n - 840. Let j = f + 245. What are the prime factors of j?
3
List the prime factors of (-20871)/(-5) - (-236)/(-1180).
2, 2087
Suppose -7*t - 4*t = -33. List the prime factors of 67*-4*t/(-12).
67
Suppose -55*u + 60*u = 3*d + 12189, 5*u - 12238 = -4*d. What are the prime factors of u?
2, 3, 11, 37
Let j(a) = a - 4. Let m = 6 + -8. Let x be j(m). What are the prime factors of (-1 - 15)/(-7 - x)?
2
Let a be 2/(-10)*0 + 2664/2. Suppose 0 = -6*t + a + 1722. List the prime factors of t.
509
List the prime factors of -7*(131705/(-49) + 6).
18773
Let r = 1966 - -6225. List the prime factors of r.
8191
Suppose 3*z + 418 = 14*z. Let j = z - 34. Suppose -5*t + 2*w = -4*t - 133, 0 = -4*t - j*w + 496. What are the prime factors of t?
127
Suppose 24 = -4*g + 2*g. Let j = 7 + g. Let x = j - -63. What are the prime factors of x?
2, 29
Let o(y) = -y**3 - 5*y**2 + 4*y + 7. Let j be -10 + 10 + (-2)/(2/7). What are the prime factors of o(j)?
7, 11
Let t(z) = -3*z + 2. Let k be t(-1). Let o be 2/(-8) - 3*4668/(-16). Suppose 3*c + 1401 = 5*h + 496, k*h - o = -3*c. What are the prime factors of h?
2, 89
Let y = 980 - 544. Let d = y - 32. List the prime factors of d.
2, 101
Let t = -519 + 907. Suppose -2*c + t = 44. What are the prime factors of c?
2, 43
Suppose 2*x + x - 12 = 0. Suppose 2*i = -n - 88, x*n + 352 = -0*n + 3*i. Let w = n - -291. List the prime factors of w.
7, 29
Let n(m) = -m**2 + 6*m - 6. Let a be n(11). Let g = 59 + a. List the prime factors of 14 - (40/g)/5.
2, 3
Let w(o) = o**2 + 5*o - 52. Let j = -210 + 195. List the prime factors of w(j).
2, 7
Let q(r) = -7*r**2 - 17*r + 21. Let c be q(-9). Let a = c - -685. List the prime factors of a.
2, 73
Let b be (362/6)/((-2)/6). Suppose 5*p + 4*a = -318, -61 = 3*p - 2*a + 99. Let q = p - b. List the prime factors of q.
3, 41
Suppose 0 = -6*q + 8*q. Suppose q = 6*z - z + 45. List the prime factors of 3/z + 115/3.
2, 19
Suppose 0 = 2*s + 4*s - 36. Let j be s/33 + (-210)/(-55). Suppose -j*b + 34 = -3*b. List the prime factors of b.
2, 17
Let n = 58 - -892. Suppose -2*i + 5*a = -1582, n = 3*i + 4*a - 1423. List the prime factors of i.
7, 113
Let q(b) = 7*b**2 + 45*b - 273. Let k be q(45). Suppose k - 3263 = 8*o. What are the prime factors of o?
1583
Suppose 8*b = 2*b + 360. Let w = -35 + b. Let n = w + -20. List the prime factors of n.
5
Suppose 34 + 22 = 2*c. Suppose 2*k = r - 5*r + 12, -3*k = -4*r - c. List the prime factors of (-18)/(-1) - 8/k.
17
Let h = -123 - -138. Suppose -h*y + 7531 = 2*y. What are the prime factors of y?
443
Let r(w) = -4*w**2 + w + 2. Let i be r(-2). Let h = 17 + i. What are the prime factors of (1 - h)/4 + 59?
59
Let y = -2712 + 20046. What are the prime factors of y?
2, 3, 107
Suppose 31066 = 3*s - 2*u, -18*s - 3*u = -20*s + 20719. List the prime factors of s.
2, 647
Let w(l) = -10*l**2 - 18*l - 1. Let x be w(-5). Let h be (-4 + 1/1)*x - 4. Let q = h + -279. What are the prime factors of q?
2, 5
Let x(s) = 357*s**3 - s + 1. Let a be x(1). Let f = a + -39. Suppose 2*d + 5*u - 231 = 2*u, -3*d + f = -5*u. List the prime factors of d.
3, 37
Let x(f) = -970*f - 2462. What are the prime factors of x(-12)?
2, 13, 353
Suppose 2*f - g = 6, -2*f = f + 2*g - 23. Suppose 0 = -4*x - 4*j + 3140, 0 = -x - f*j + 968 - 187. List the prime factors of x.
2, 3, 131
Let n(w) = 211*w - 164. Let b(j) = 211*j - 160. Let r(u) = -4*b(u) + 3*n(u). List the prime factors of r(-6).
2, 7, 101
Let m(t) = -515*t + 7447. What are the prime factors of m(0)?
11, 677
Suppose -219*d + 114*d = -128*d + 374417. What are the prime factors of d?
73, 223
Let i(m) = m**3 + 11*m**2 - 2*m - 25. Let u be i(-11). What are the prime factors of (-10 - -1221) + 15/u?
2, 3, 67
Let c = -672 - -1268. Let h = 1139 - c. What are the prime factors of h?
3, 181
Let l be (-5 - -1)*18/(12 - 3). What are the prime factors of l - (3 - 9) - 610/(-2)?
3, 101
Let s(g) = g - 18. Let i be s(10). Let k be ((-55)/44